{"id":9292,"date":"2022-02-01T20:40:37","date_gmt":"2022-02-01T19:40:37","guid":{"rendered":"https:\/\/www.violaine-ulmer.com\/boutique\/produit\/sautoirs-jaunes-copy\/"},"modified":"2024-06-10T07:50:13","modified_gmt":"2024-06-10T06:50:13","slug":"sautoirs-perles-noires","status":"publish","type":"product","link":"https:\/\/www.violaine-ulmer.com\/boutique\/produit\/sautoirs-perles-noires\/","title":{"rendered":"sautoir perles noires"},"content":{"rendered":"<p>Colliers \u00e0 porter ou \u00e0 mettre au mur ; poids : 350 gr<br \/>\nLongueur total du sautoir: 130 cm<\/p>\n","protected":false},"excerpt":{"rendered":"<p>sautoir constitu\u00e9 de perles de porcelaine noires, travaill\u00e9es avec diff\u00e9rentes mati\u00e8res.<\/p>\n","protected":false},"featured_media":9278,"template":"","meta":{"_acf_changed":false},"product_brand":[],"product_cat":[61],"product_tag":[154,130],"class_list":{"0":"post-9292","1":"product","2":"type-product","3":"status-publish","4":"has-post-thumbnail","6":"product_cat-colliers","7":"product_tag-noir","8":"product_tag-porcelaine","10":"first","11":"instock","12":"shipping-taxable","13":"purchasable","14":"product-type-simple","16":"catalog-layout-full-bg","17":"columns-xs-1"},"acf":[],"_links":{"self":[{"href":"https:\/\/www.violaine-ulmer.com\/boutique\/wp-json\/wp\/v2\/product\/9292","targetHints":{"allow":["GET"]}}],"collection":[{"href":"https:\/\/www.violaine-ulmer.com\/boutique\/wp-json\/wp\/v2\/product"}],"about":[{"href":"https:\/\/www.violaine-ulmer.com\/boutique\/wp-json\/wp\/v2\/types\/product"}],"wp:featuredmedia":[{"embeddable":true,"href":"https:\/\/www.violaine-ulmer.com\/boutique\/wp-json\/wp\/v2\/media\/9278"}],"wp:attachment":[{"href":"https:\/\/www.violaine-ulmer.com\/boutique\/wp-json\/wp\/v2\/media?parent=9292"}],"wp:term":[{"taxonomy":"product_brand","embeddable":true,"href":"https:\/\/www.violaine-ulmer.com\/boutique\/wp-json\/wp\/v2\/product_brand?post=9292"},{"taxonomy":"product_cat","embeddable":true,"href":"https:\/\/www.violaine-ulmer.com\/boutique\/wp-json\/wp\/v2\/product_cat?post=9292"},{"taxonomy":"product_tag","embeddable":true,"href":"https:\/\/www.violaine-ulmer.com\/boutique\/wp-json\/wp\/v2\/product_tag?post=9292"}],"curies":[{"name":"wp","href":"https:\/\/api.w.org\/{rel}","templated":true}]}}

<p>Colliers à porter ou à mettre au mur ; poids : 350 gr<br />
Longueur total du sautoir: 130 cm</p>

<p>sautoir constitué de perles de porcelaine noires, travaillées avec différentes matières.</p>
