{"id":6773,"date":"2021-03-01T08:39:34","date_gmt":"2021-03-01T07:39:34","guid":{"rendered":"https:\/\/www.violaine-ulmer.com\/boutique\/?post_type=product&#038;p=6773"},"modified":"2021-09-20T13:26:05","modified_gmt":"2021-09-20T12:26:05","slug":"chevalieres-gres","status":"publish","type":"product","link":"https:\/\/www.violaine-ulmer.com\/boutique\/produit\/chevalieres-gres\/","title":{"rendered":"Chevali\u00e8res gr\u00e8s"},"content":{"rendered":"<p><span style=\"color: #333333\">Chaque pi\u00e8ce est unique, tant par sa forme que par sa facture, et son \u00e9maillage.<\/span><\/p>\n<p><span style=\"color: #333333\">Pour choisir une bague, rendez-vous sur la page suivante, toutes les pi\u00e8ces actuellement disponibles y sont : <\/span><span style=\"color: #0000ff\"><a style=\"color: #0000ff\" href=\"https:\/\/www.violaine-ulmer.com\/boutique\/chevalieres-gres\/\">www.violaine-ulmer.com\/boutique\/chevalieres-gres\/<\/a><\/span><\/p>\n<p><span style=\"color: #333333\">Au dessus des photos, \u00e0 droite, vous trouvez un petit menu pour faire un choix par taille ou par prix.<\/span><\/p>\n<p><span style=\"color: #333333\">Quand vous cliquez sur une bague, la photo s&rsquo;ouvre en grand et vous avez d&rsquo;autres vues sur la m\u00eame pi\u00e8ce.<\/span><\/p>\n<p><span style=\"color: #333333\">Les chevali\u00e8res sont les seules pi\u00e8ces qui ne peuvent \u00eatre directement achet\u00e9es sur la boutique ; si vous souhaitez acqu\u00e9rir une chevali\u00e8re, rep\u00e9rer sa r\u00e9f\u00e9rence, et contactez-nous par mail ou t\u00e9l\u00e9phone. <\/span><\/p>\n<p><span style=\"color: #333333\">(pour les tailles, se r\u00e9f\u00e9rer \u00e0 l&rsquo;article suivant : <span style=\"color: #0000ff\"><a style=\"color: #0000ff\" href=\"https:\/\/www.violaine-ulmer.com\/questions-reponses\/taille-de-doigt\/\">www.violaine-ulmer.com\/questions-reponses\/taille-de-doigt\/<\/a><\/span>)<\/span><\/p>\n","protected":false},"excerpt":{"rendered":"<p>Chevali\u00e8re en gr\u00e8s \u00e9maill\u00e9 engob\u00e9 et \u00e9maill\u00e9 la plupart du temps.<\/p>\n","protected":false},"featured_media":6850,"template":"","meta":{"_acf_changed":false},"product_brand":[],"product_cat":[59],"product_tag":[],"class_list":{"0":"post-6773","1":"product","2":"type-product","3":"status-publish","4":"has-post-thumbnail","6":"product_cat-bagues","8":"first","9":"instock","10":"shipping-taxable","11":"purchasable","12":"product-type-simple","14":"catalog-layout-full-bg","15":"columns-xs-1"},"acf":[],"_links":{"self":[{"href":"https:\/\/www.violaine-ulmer.com\/boutique\/wp-json\/wp\/v2\/product\/6773","targetHints":{"allow":["GET"]}}],"collection":[{"href":"https:\/\/www.violaine-ulmer.com\/boutique\/wp-json\/wp\/v2\/product"}],"about":[{"href":"https:\/\/www.violaine-ulmer.com\/boutique\/wp-json\/wp\/v2\/types\/product"}],"wp:featuredmedia":[{"embeddable":true,"href":"https:\/\/www.violaine-ulmer.com\/boutique\/wp-json\/wp\/v2\/media\/6850"}],"wp:attachment":[{"href":"https:\/\/www.violaine-ulmer.com\/boutique\/wp-json\/wp\/v2\/media?parent=6773"}],"wp:term":[{"taxonomy":"product_brand","embeddable":true,"href":"https:\/\/www.violaine-ulmer.com\/boutique\/wp-json\/wp\/v2\/product_brand?post=6773"},{"taxonomy":"product_cat","embeddable":true,"href":"https:\/\/www.violaine-ulmer.com\/boutique\/wp-json\/wp\/v2\/product_cat?post=6773"},{"taxonomy":"product_tag","embeddable":true,"href":"https:\/\/www.violaine-ulmer.com\/boutique\/wp-json\/wp\/v2\/product_tag?post=6773"}],"curies":[{"name":"wp","href":"https:\/\/api.w.org\/{rel}","templated":true}]}}