{"id":3531,"date":"2016-11-13T19:55:40","date_gmt":"2016-11-13T18:55:40","guid":{"rendered":"http:\/\/www.violaine-ulmer.com\/boutique\/?post_type=product&#038;p=3531"},"modified":"2023-12-08T10:50:13","modified_gmt":"2023-12-08T09:50:13","slug":"collier-moeb-3-anneaux","status":"publish","type":"product","link":"https:\/\/www.violaine-ulmer.com\/boutique\/produit\/collier-moeb-3-anneaux\/","title":{"rendered":"Collier Moeb 3 Anneaux"},"content":{"rendered":"<p>Le collier Moeb 3 Anneaux est d\u00e9clin\u00e9e en plusieurs couleurs : un fil de soie r\u00e9glable permet de le porter en sautoir ou en ras de cou.<\/p>\n<figure id=\"attachment_3550\" aria-describedby=\"caption-attachment-3550\" style=\"width: 300px\" class=\"wp-caption alignnone\"><img loading=\"lazy\" decoding=\"async\" class=\"wp-image-3550 size-medium\" src=\"http:\/\/www.violaine-ulmer.com\/boutique\/wp-content\/uploads\/2016\/11\/natur-grau-300x80.jpg\" alt=\"natur-grau.jpg\" width=\"300\" height=\"80\" \/><figcaption id=\"caption-attachment-3550\" class=\"wp-caption-text\">Gris<\/figcaption><\/figure>\n<figure id=\"attachment_3549\" aria-describedby=\"caption-attachment-3549\" style=\"width: 300px\" class=\"wp-caption alignnone\"><img loading=\"lazy\" decoding=\"async\" class=\"wp-image-3549 size-medium\" src=\"http:\/\/www.violaine-ulmer.com\/boutique\/wp-content\/uploads\/2016\/11\/natur-schwarz-300x80.jpg\" alt=\"natur-schwarz.jpg\" width=\"300\" height=\"80\" srcset=\"https:\/\/www.violaine-ulmer.com\/boutique\/wp-content\/uploads\/2016\/11\/natur-schwarz-300x80.jpg 300w, https:\/\/www.violaine-ulmer.com\/boutique\/wp-content\/uploads\/2016\/11\/natur-schwarz-150x40.jpg 150w, https:\/\/www.violaine-ulmer.com\/boutique\/wp-content\/uploads\/2016\/11\/natur-schwarz-200x54.jpg 200w, https:\/\/www.violaine-ulmer.com\/boutique\/wp-content\/uploads\/2016\/11\/natur-schwarz.jpg 433w\" sizes=\"auto, (max-width: 300px) 100vw, 300px\" \/><figcaption id=\"caption-attachment-3549\" class=\"wp-caption-text\">Noir<\/figcaption><\/figure>\n<figure id=\"attachment_3539\" aria-describedby=\"caption-attachment-3539\" style=\"width: 300px\" class=\"wp-caption alignnone\"><img loading=\"lazy\" decoding=\"async\" class=\"wp-image-3539 size-medium\" src=\"http:\/\/www.violaine-ulmer.com\/boutique\/wp-content\/uploads\/2016\/11\/natur-rot-300x80.jpg\" alt=\"natur-rot.jpg\" width=\"300\" height=\"80\" srcset=\"https:\/\/www.violaine-ulmer.com\/boutique\/wp-content\/uploads\/2016\/11\/natur-rot-300x80.jpg 300w, https:\/\/www.violaine-ulmer.com\/boutique\/wp-content\/uploads\/2016\/11\/natur-rot-150x40.jpg 150w, https:\/\/www.violaine-ulmer.com\/boutique\/wp-content\/uploads\/2016\/11\/natur-rot-200x54.jpg 200w, https:\/\/www.violaine-ulmer.com\/boutique\/wp-content\/uploads\/2016\/11\/natur-rot.jpg 433w\" sizes=\"auto, (max-width: 300px) 100vw, 300px\" \/><figcaption id=\"caption-attachment-3539\" class=\"wp-caption-text\">Rouge<\/figcaption><\/figure>\n<figure id=\"attachment_3547\" aria-describedby=\"caption-attachment-3547\" style=\"width: 300px\" class=\"wp-caption alignnone\"><img loading=\"lazy\" decoding=\"async\" class=\"wp-image-3547 size-medium\" src=\"http:\/\/www.violaine-ulmer.com\/boutique\/wp-content\/uploads\/2016\/11\/natur-hellrosa-300x80.jpg\" alt=\"natur-hellrosa.jpg\" width=\"300\" height=\"80\" srcset=\"https:\/\/www.violaine-ulmer.com\/boutique\/wp-content\/uploads\/2016\/11\/natur-hellrosa-300x80.jpg 300w, https:\/\/www.violaine-ulmer.com\/boutique\/wp-content\/uploads\/2016\/11\/natur-hellrosa-150x40.jpg 150w, https:\/\/www.violaine-ulmer.com\/boutique\/wp-content\/uploads\/2016\/11\/natur-hellrosa-200x54.jpg 200w, https:\/\/www.violaine-ulmer.com\/boutique\/wp-content\/uploads\/2016\/11\/natur-hellrosa.jpg 433w\" sizes=\"auto, (max-width: 300px) 100vw, 300px\" \/><figcaption id=\"caption-attachment-3547\" class=\"wp-caption-text\">Poudre<\/figcaption><\/figure>\n<p>&nbsp;<\/p>\n<p>Nous contacter pour la disponibilit\u00e9 d&rsquo;autres\u00a0couleurs. La carte de couleurs ici :\u00a0<a href=\"http:\/\/www.violaine-ulmer.com\/boutique\/couleurs-moeb-3-anneaux\/\">Couleurs Moeb 3 Anneaux<\/a><\/p>\n","protected":false},"excerpt":{"rendered":"<p>Le collier Moeb 3 Anneaux est d\u00e9clin\u00e9e en plusieurs couleurs : un fil de soie r\u00e9glable permet de le porter en sautoir ou en ras de cou. &nbsp; Nous contacter pour la disponibilit\u00e9 d&rsquo;autres\u00a0couleurs. La carte de couleurs ici :\u00a0Couleurs Moeb 3 Anneaux<\/p>\n","protected":false},"featured_media":6705,"template":"","meta":{"_acf_changed":false},"product_brand":[],"product_cat":[61],"product_tag":[132],"class_list":{"0":"post-3531","1":"product","2":"type-product","3":"status-publish","4":"has-post-thumbnail","6":"product_cat-colliers","7":"product_tag-argent","9":"first","10":"instock","11":"shipping-taxable","12":"purchasable","13":"product-type-variable","15":"catalog-layout-full-bg","16":"columns-xs-1"},"acf":[],"_links":{"self":[{"href":"https:\/\/www.violaine-ulmer.com\/boutique\/wp-json\/wp\/v2\/product\/3531","targetHints":{"allow":["GET"]}}],"collection":[{"href":"https:\/\/www.violaine-ulmer.com\/boutique\/wp-json\/wp\/v2\/product"}],"about":[{"href":"https:\/\/www.violaine-ulmer.com\/boutique\/wp-json\/wp\/v2\/types\/product"}],"wp:featuredmedia":[{"embeddable":true,"href":"https:\/\/www.violaine-ulmer.com\/boutique\/wp-json\/wp\/v2\/media\/6705"}],"wp:attachment":[{"href":"https:\/\/www.violaine-ulmer.com\/boutique\/wp-json\/wp\/v2\/media?parent=3531"}],"wp:term":[{"taxonomy":"product_brand","embeddable":true,"href":"https:\/\/www.violaine-ulmer.com\/boutique\/wp-json\/wp\/v2\/product_brand?post=3531"},{"taxonomy":"product_cat","embeddable":true,"href":"https:\/\/www.violaine-ulmer.com\/boutique\/wp-json\/wp\/v2\/product_cat?post=3531"},{"taxonomy":"product_tag","embeddable":true,"href":"https:\/\/www.violaine-ulmer.com\/boutique\/wp-json\/wp\/v2\/product_tag?post=3531"}],"curies":[{"name":"wp","href":"https:\/\/api.w.org\/{rel}","templated":true}]}}

<p>Le collier Moeb 3 Anneaux est déclinée en plusieurs couleurs : un fil de soie réglable permet de le porter en sautoir ou en ras de cou.</p>
<figure id="attachment_3550" aria-describedby="caption-attachment-3550" style="width: 300px" class="wp-caption alignnone"><img loading="lazy" decoding="async" class="wp-image-3550 size-medium" src="http://www.violaine-ulmer.com/boutique/wp-content/uploads/2016/11/natur-grau-300x80.jpg" alt="natur-grau.jpg" width="300" height="80" /><figcaption id="caption-attachment-3550" class="wp-caption-text">Gris</figcaption></figure>
<figure id="attachment_3549" aria-describedby="caption-attachment-3549" style="width: 300px" class="wp-caption alignnone"><img loading="lazy" decoding="async" class="wp-image-3549 size-medium" src="http://www.violaine-ulmer.com/boutique/wp-content/uploads/2016/11/natur-schwarz-300x80.jpg" alt="natur-schwarz.jpg" width="300" height="80" srcset="https://www.violaine-ulmer.com/boutique/wp-content/uploads/2016/11/natur-schwarz-300x80.jpg 300w, https://www.violaine-ulmer.com/boutique/wp-content/uploads/2016/11/natur-schwarz-150x40.jpg 150w, https://www.violaine-ulmer.com/boutique/wp-content/uploads/2016/11/natur-schwarz-200x54.jpg 200w, https://www.violaine-ulmer.com/boutique/wp-content/uploads/2016/11/natur-schwarz.jpg 433w" sizes="auto, (max-width: 300px) 100vw, 300px" /><figcaption id="caption-attachment-3549" class="wp-caption-text">Noir</figcaption></figure>
<figure id="attachment_3539" aria-describedby="caption-attachment-3539" style="width: 300px" class="wp-caption alignnone"><img loading="lazy" decoding="async" class="wp-image-3539 size-medium" src="http://www.violaine-ulmer.com/boutique/wp-content/uploads/2016/11/natur-rot-300x80.jpg" alt="natur-rot.jpg" width="300" height="80" srcset="https://www.violaine-ulmer.com/boutique/wp-content/uploads/2016/11/natur-rot-300x80.jpg 300w, https://www.violaine-ulmer.com/boutique/wp-content/uploads/2016/11/natur-rot-150x40.jpg 150w, https://www.violaine-ulmer.com/boutique/wp-content/uploads/2016/11/natur-rot-200x54.jpg 200w, https://www.violaine-ulmer.com/boutique/wp-content/uploads/2016/11/natur-rot.jpg 433w" sizes="auto, (max-width: 300px) 100vw, 300px" /><figcaption id="caption-attachment-3539" class="wp-caption-text">Rouge</figcaption></figure>
<figure id="attachment_3547" aria-describedby="caption-attachment-3547" style="width: 300px" class="wp-caption alignnone"><img loading="lazy" decoding="async" class="wp-image-3547 size-medium" src="http://www.violaine-ulmer.com/boutique/wp-content/uploads/2016/11/natur-hellrosa-300x80.jpg" alt="natur-hellrosa.jpg" width="300" height="80" srcset="https://www.violaine-ulmer.com/boutique/wp-content/uploads/2016/11/natur-hellrosa-300x80.jpg 300w, https://www.violaine-ulmer.com/boutique/wp-content/uploads/2016/11/natur-hellrosa-150x40.jpg 150w, https://www.violaine-ulmer.com/boutique/wp-content/uploads/2016/11/natur-hellrosa-200x54.jpg 200w, https://www.violaine-ulmer.com/boutique/wp-content/uploads/2016/11/natur-hellrosa.jpg 433w" sizes="auto, (max-width: 300px) 100vw, 300px" /><figcaption id="caption-attachment-3547" class="wp-caption-text">Poudre</figcaption></figure>
<p>&nbsp;</p>
<p>Nous contacter pour la disponibilité d&rsquo;autres couleurs. La carte de couleurs ici : <a href="http://www.violaine-ulmer.com/boutique/couleurs-moeb-3-anneaux/">Couleurs Moeb 3 Anneaux</a></p>

<p>Le collier Moeb 3 Anneaux est déclinée en plusieurs couleurs : un fil de soie réglable permet de le porter en sautoir ou en ras de cou. &nbsp; Nous contacter pour la disponibilité d&rsquo;autres couleurs. La carte de couleurs ici : Couleurs Moeb 3 Anneaux</p>
